 80, 0 = 4*m - 5*n - 109. Calculate the greatest common divisor of 231 and m.
21
Let w(b) = 7*b**2 - 83*b - 202. Let l be w(14). Suppose 0 = -2*r - 8, j - 34 = -j + 5*r. Suppose -5*m = -j + 2. Calculate the greatest common factor of m and l.
1
Let p = 103 - 99. Suppose p*a - 16 = 28. Let f(d) = d**3 - 11*d**2 + 10*d + 1. Let b be f(10). Calculate the greatest common divisor of b and a.
1
Suppose -k - 3*r = -2001, 4*k - 4*r = 4909 + 3111. What is the highest common factor of k and 120?
12
Let f(b) = b**3 + 22*b**2 - 23*b + 39. Let d be f(-23). Suppose -2*j - 748 + 772 = 0. Calculate the greatest common factor of j and d.
3
Let w be 300/48 + (-1)/4 + -5. Let k(u) = 23*u**3 - u**2 - 2*u + 2. Let j be k(w). Calculate the highest common divisor of 770 and j.
22
Let o(c) = 5*c**2 - c + 69. Let r be o(0). Calculate the highest common factor of 147 and r.
3
Let w(m) = -m**2 + 21*m - 18. Let u(n) = n**3 + 35*n**2 - 34*n + 86. Let i be u(-36). Let k be w(i). What is the highest common divisor of k and 10?
10
Suppose -3*q = -263 - 1. Suppose 1831 = 140*u - 1233 - 16. Calculate the highest common factor of q and u.
22
Let c(a) = -1025*a + 498. Let y be c(0). What is the highest common factor of 10126 and y?
166
Let m(i) = -6*i + 35. Let z be m(5). Suppose -7*w + z*w - 2*x + 24 = 0, 4*x - 64 = -5*w. What is the greatest common factor of w and 4?
4
Suppose 28*t + 5*t - 594 = 0. Suppose -t*s + 3600 = -2*s. What is the highest common factor of s and 75?
75
Suppose 139*x - 351*x = -150*x - 12400. Let l = -15 - -36. Suppose -71 = -2*z - l. What is the highest common factor of x and z?
25
Suppose 0 = 2*d - 3*c - 76, -3*c - 140 = 2*d - 6*d. Calculate the greatest common divisor of d and 344.
8
Let a be -5 + 4 + 23 + 674. Calculate the highest common divisor of 5742 and a.
174
Suppose 92*o = 86*o + 2742. Let v = o + -377. What is the highest common divisor of 60 and v?
20
Let z = -6102 - -6324. Calculate the highest common factor of z and 30.
6
Suppose 3*b + 4*k - 65 = 19, -68 = -4*b + 2*k. What is the greatest common factor of 10130 and b?
10
Let s be 28/21*117 - 0. Suppose -28*r = -16*r - s. Calculate the greatest common divisor of r and 39.
13
Suppose 0 = 4*c + 5*r - 6087, 3*c + r - 4573 = 5*r. Let w = 2339 - c. Let t be 14/(-63) + w/27. What is the highest common divisor of t and 10?
10
Let j = 16 - 6. Let r = 9 - -1. Suppose 0 = -5*c + 2*d + r + 9, 0 = 4*c + 3*d - 29. Calculate the greatest common factor of j and c.
5
Let g = -3187 - -8797. What is the highest common divisor of 99 and g?
33
Let y = -30 - -1793. Suppose -y = -3*d + 1252. Calculate the highest common divisor of d and 15.
15
Let c(u) = -u**2 - 25*u - 16. Let y be c(-22). Suppose -a + 3*w - y = -6*a, 4*a + 4*w - 40 = 0. What is the highest common factor of 190 and a?
10
Suppose 6*a - 3*s - 5682 = s, -a + 3*s + 961 = 0. Calculate the greatest common factor of 46 and a.
23
Let j(c) = 3*c**2 + 8*c - 2. Let r be j(-3). Let h be (-14 - -12) + r*6 - -42. Calculate the highest common divisor of 23 and h.
23
Suppose 8*n - 3*n - 20 = 0. Let r be n/3 + (-177)/(-9). Let l be 2/((-4)/7)*144/(-168). Calculate the highest common divisor of r and l.
3
Let u(j) = -3*j**3 + 6*j**2 + 9*j - 2. Let b be u(-2). Let s(p) = -12*p + 6. Let f be s(-10). Calculate the greatest common factor of b and f.
14
Suppose -3*l + 12 = 0, -p = -62*l + 67*l - 216. Calculate the greatest common factor of 11 and p.
1
Let z = -29 + 208. Let g = z - 168. Let n be ((-308)/8)/((-2)/4). Calculate the highest common factor of n and g.
11
Suppose 0 = 13*q + 11732 - 1865. Let y = q + 1065. Calculate the greatest common factor of 18 and y.
18
Suppose -32928 + 420096 = 327*k. Calculate the highest common divisor of k and 2294.
74
Let c be (4186/115)/((-10)/(-25)). What is the highest common factor of c and 1043?
7
Let o(g) = 656*g - 4130. Let n be o(29). What is the greatest common divisor of 22 and n?
22
Let w(d) = 2*d**2 - 62*d + 436. Let r be w(49). Calculate the greatest common factor of r and 600.
200
Suppose -502 = -4*h + 10. Let d(f) = -16*f + 232. Let o be d(14). What is the greatest common divisor of o and h?
8
Suppose -3*l = -2*c - 10, 2*l - 366*c = -361*c - 8. Let m(j) = 6*j**3 - 3*j**2 + 2*j + 2. Let q be m(2). Calculate the highest common factor of q and l.
6
Let i = 183 + -183. Let b be i + -2 + -2 + 7 + 12. Calculate the greatest common divisor of 45 and b.
15
Let b(s) = 45*s**2. Let o be b(2). Suppose -33*u - 4824 = -192*u - 42*u. What is the greatest common factor of u and o?
12
Let w(i) = -i**3 - i**2 + 2*i. Let y be w(-3). Suppose 400*c - 13692 = 114*c - 203*c. What is the greatest common divisor of y and c?
4
Let w(j) = 9627*j**3 + 8*j**2 - 4*j - 1. Let c be w(1). What is the highest common divisor of c and 27?
9
Let h(n) = -71*n**3 + 6*n**2 + 1277*n + 2554. Let f be h(-2). Let s be (1 - 1/3)*24. Calculate the greatest common factor of s and f.
16
Let h(w) = w**2 - w - 2. Let q be h(-1). Suppose 5*a - 8*a + 103 = s, -3*a + 3 = q. Calculate the highest common divisor of 40 and s.
20
Let v be (-1851155)/(-1265) + 8/(-22). Calculate the highest common factor of 1309 and v.
77
Suppose 240*p - q - 19 = 239*p, 2*q = -16. Suppose -2*h + 692 - 142 = 0. What is the greatest common divisor of h and p?
11
Let s(n) = 319*n**2 - 10*n - 1. Let u be s(1). What is the greatest common factor of 140 and u?
28
Suppose 223560 = 13*x + 10*x. What is the greatest common divisor of 108 and x?
108
Let f = 379 + 386. Suppose 8*x - f = 5*x. Calculate the highest common factor of x and 51.
51
Let y(d) = 3*d**3 - 13*d**2 + 41*d - 242. Let c be y(7). Suppose -92 = 2*h - 6*h. What is the highest common divisor of h and c?
23
Let x be ((-69)/2)/(108/(-936)). Calculate the greatest common factor of 637 and x.
13
Let q be (114 + -96)*10/3. What is the greatest common factor of q and 115?
5
Let r be (0/(-3))/((-3)/(1 + 2)). Suppose r = -42*k + 35*k + 98. What is the greatest common divisor of 4 and k?
2
Let k be (-440)/(-28) + (-6)/(-21). Let t(a) = 13*a + 699. Let j be t(-23). Calculate the highest common factor of j and k.
16
Let w(t) = -6*t - 158. Let f be w(-27). Suppose 2*p + 332 = f*g, 5*p + 176 - 18 = 2*g. Calculate the greatest common factor of g and 21.
21
Let n(d) = -6*d**3 + 95*d**2 + 24*d - 26. Let c be n(16). Calculate the highest common factor of c and 105.
3
Suppose -29 = 4*i - 29. Suppose -5*g + 1171 - 71 = i. What is the highest common divisor of 20 and g?
20
Suppose 0 = 22*k - 273 - 695. What is the greatest common divisor of 1705 and k?
11
Suppose 10*h - 7*h + 87 = 0. Let y be (-14)/(-63)*-3 - h/3. Calculate the greatest common divisor of 9 and y.
9
Let a be (-2 - 10/(-3))*(-207)/(-6). Let m(w) = -1 - a*w**2 + 7 - 5*w + 86*w**2 - 41*w**2. Let p be m(-5). What is the highest common divisor of p and 18?
6
Suppose 2*w + 98*c - 95*c = 3971, 3*w + 2*c - 5954 = 0. Calculate the highest common factor of w and 31.
31
Let s be (-1)/(3*3/522). Let w = 39 + s. Let z be 17/(-51) - w/3. Calculate the greatest common factor of 2 and z.
2
Let p = -270 - -277. Suppose 104 = -p*q + 552. Calculate the greatest common divisor of q and 16.
16
Suppose -232*r + 168*r + 67200 = 0. What is the highest common factor of 126 and r?
42
Let a = -44 - -130. Let v = -3832 - -3961. Calculate the highest common divisor of a and v.
43
Suppose -4*t - 20 = 0, -n + 605*t = 610*t - 2515. What is the highest common factor of n and 140?
20
Suppose -1004 = -4*z - 2*t, 4*z - 760 = z + 2*t. Suppose 0 = -4*a + 4*w + 100, -5*a + 146 = -0*a + 2*w. Calculate the highest common factor of z and a.
28
Let p be (-12)/15*(56 + 4)/(-2). Suppose -3*s = v - 77 + p, -5*s = 5*v - 285. What is the greatest common factor of v and 767?
59
Suppose 13*c - 2*m - 34 = 11*c, c = -4*m + 42. What is the greatest common factor of c and 23518?
22
Let d(f) = 216*f**2 - 12*f + 18. Let z(y) = 86*y**2 - 5*y + 7. Let q(t) = 5*d(t) - 12*z(t). Let a be q(2). Calculate the greatest common factor of a and 18.
18
Let x = -2 + 34. Suppose 0 = t - 4 + 1. Suppose 0 = -t*c - 8*c + 176. What is the greatest common divisor of c and x?
16
Let p(j) = -36*j + 1050. Let b be p(26). Calculate the highest common divisor of 1634 and b.
38
Let q(i) = i**2 - 37*i - 540. Let r be q(-16). What is the highest common divisor of r a